b(v) = -v + 3. Calculate b(6).
-3
Let f(o) = -19*o + 145. Give f(7).
12
Let c(l) = l**2 + 7*l - 6. Determine c(-7).
-6
Let k(x) = x**2 - 3*x + 1. Calculate k(4).
5
Let o(r) = 9*r**3 + r**2 + r + 1. What is o(-1)?
-8
Let i(s) = s**3 - 5*s**2 + 5*s + 2. What is i(4)?
6
Let v(d) = 2*d + 10. Calculate v(-9).
-8
Let f(s) = -10*s - 10. What is f(6)?
-70
Let l(f) = -f**3 - 13*f**2 - 15*f - 17. What is l(-12)?
19
Let f(u) = u**3 + 6*u**2 + 6*u + 20. What is f(-6)?
-16
Let z(i) = -i**3 - 3*i**2 + i + 7. Determine z(-4).
19
Let b(u) = 2*u**2 - 2*u - 1. What is b(4)?
23
Let x(d) = d**2 + 6*d - 2. What is x(4)?
38
Let a(q) = -11*q - 13. Give a(1).
-24
Let n(u) = u**2 + 5*u - 30. What is n(-9)?
6
Let d(a) = 7*a**2 - 69*a + 6. Give d(10).
16
Let j(f) = 2*f**2 - 33*f + 20. Calculate j(16).
4
Let y(v) = -2*v**3 - 3*v**2 + 4*v - 6. What is y(-3)?
9
Let k(d) = -d - 7. Give k(-5).
-2
Let a(j) = -j**3 - 8*j**2 - 4*j - 16. Give a(-8).
16
Let p(m) = -6*m**2 + 7*m + 3. Give p(2).
-7
Let m(d) = -d**2 - 16*d - 11. Give m(-10).
49
Let b(u) = u**3 - 5*u**2 + 12. Calculate b(4).
-4
Let q(c) = -8*c**3 - c**2 + 2. What is q(-2)?
62
Let z(t) = -t**2 + 22*t - 50. Calculate z(19).
7
Let o(z) = 15*z - 95. What is o(11)?
70
Let k(p) = 2*p**3 - 12*p**2 + 9*p + 3. Calculate k(4).
-25
Let h(s) = 6*s + 25. Determine h(-3).
7
Let t(a) = -a**3 - 7*a**2 + 10*a - 6. Determine t(-8).
-22
Let t(d) = -3*d**3 + 7*d - 10. Give t(2).
-20
Let z(h) = h**3 - 10*h**2 + 14*h - 3. Give z(8).
-19
Let g(h) = h**3 - 4*h**2 - 6*h - 2. Calculate g(6).
34
Let b(v) = -v**2 + 19*v - 23. Give b(18).
-5
Let x(y) = -y**3 + 6*y**2 + 2*y - 7. Determine x(6).
5
Let c(f) = -5*f + 31. Calculate c(8).
-9
Let z(f) = -4*f**2 + 92*f - 27. Give z(23).
-27
Let u(z) = -7*z**2 - 17*z - 3. Calculate u(-2).
3
Let n(k) = 4*k - 3. What is n(6)?
21
Let p(n) = n**3 + 2*n**2 + 1. Give p(-2).
1
Let v(o) = 46*o - 171. What is v(4)?
13
Let g(j) = 3*j**2 + 20*j + 30. Determine g(-5).
5
Let o(h) = -5*h - 111. Determine o(-16).
-31
Let f(a) = 20*a + 4. Determine f(-4).
-76
Let v(k) = -7*k + 31. Calculate v(8).
-25
Let q(j) = -j + 1. Determine q(-17).
18
Let g(t) = t**2 - 55*t + 283. What is g(6)?
-11
Let f(t) = -2*t**2 + 42*t - 49. Determine f(20).
-9
Let v(o) = 8*o**3. Give v(1).
8
Let v(c) = 25*c - 14. Calculate v(1).
11
Let c(p) = 13*p - 29. What is c(3)?
10
Let y(l) = -l - 8. Calculate y(-9).
1
Let a(c) = 2*c**2 + 5*c - 14. What is a(-4)?
-2
Let r(y) = -y**3 - 2*y**2 + 2*y + 13. Calculate r(-3).
16
Let o(l) = -l**3 - 6*l**2 + 6*l - 1. What is o(-7)?
6
Let w(y) = y**2 + 4*y - 14. What is w(-6)?
-2
Let l(f) = -f**3 - 4*f**2 - 9*f - 2. What is l(-4)?
34
Let y(h) = 2*h**3 - 60*h**2 + 8*h - 244. Give y(30).
-4
Let o(d) = 17*d - 142. Give o(8).
-6
Let t(s) = -2*s**3 - 33*s**2 + 14*s - 41. What is t(-17)?
10
Let w(x) = -x**3 + 5*x**2 - 5*x - 5. Determine w(5).
-30
Let x(g) = -g**3 + 6*g**2 - 4*g. Give x(6).
-24
Let v(m) = -3*m**2 - 2*m + 1. Give v(1).
-4
Let r(z) = -3*z**2 - 10*z + 4. What is r(-3)?
7
Let i(v) = -v**2 - 25*v + 88. Calculate i(-28).
4
Let b(o) = -o**2 - 5*o - 2. Calculate b(-1).
2
Let j(i) = -10*i + 37. Determine j(7).
-33
Let g(u) = 17*u - 240. Calculate g(13).
-19
Let h(w) = -w**2 + 8*w + 10. What is h(11)?
-23
Let s(v) = -v**2 + 4*v + 4. Determine s(-3).
-17
Let s(y) = -6*y + 2. Determine s(1).
-4
Let z(j) = j**3 - j**2 - 22*j + 51. Calculate z(3).
3
Let k(v) = v**2 - 8*v + 4. Give k(5).
-11
Let t(p) = -2*p + 12. Determine t(4).
4
Let z(u) = -2*u**3 + 23*u**2 + 9*u + 42. Determine z(12).
6
Let d(h) = h + 1. Give d(5).
6
Let t(l) = -4*l**3 - 4*l**2 + 2*l + 3. Calculate t(-3).
69
Let i(t) = -6*t + 7. Calculate i(13).
-71
Let f(z) = 3*z**2 + 5*z + 1. Calculate f(-5).
51
Let g(k) = 7*k**3 - k**2 + k + 1. What is g(-1)?
-8
Let h(l) = -l**2 - 18*l - 21. Give h(-17).
-4
Let p(g) = -4*g**2 + 66*g - 28. What is p(16)?
4
Let m(k) = 7*k - 2. What is m(0)?
-2
Let s(h) = h**3 + 6*h**2 - h - 14. Calculate s(-5).
16
Let i(d) = -4*d + 3. Give i(-5).
23
Let p(a) = a**3 - 7*a**2 + 5*a - 16. Give p(7).
19
Let y(r) = -3*r**2 + 8*r - 6. Calculate y(2).
-2
Let k(o) = o**2 - o - 1. Give k(-6).
41
Let b(u) = 3*u**2 - 41*u - 10. Determine b(14).
4
Let s(u) = -u**3 - 7*u**2 - 12*u + 1. Give s(-5).
11
Let d(v) = v + 20. What is d(-13)?
7
Let f(s) = -s + 23. What is f(-17)?
40
Let f(x) = 3*x - 34. Give f(7).
-13
Let y(v) = 6*v - 6. Determine y(2).
6
Let f(y) = -13*y - 25. What is f(-2)?
1
Let w(n) = n - 19. Give w(8).
-11
Let c(t) = 12*t. What is c(-3)?
-36
Let u(w) = 5*w + 135. Calculate u(6).
165
Let n(l) = 3*l - 19. Determine n(7).
2
Let j(g) = -g**3 + 6*g**2 + 3*g - 21. Give j(6).
-3
Let q(c) = c**3 + 5*c**2 - 4. Determine q(-4).
12
Let z(a) = 6*a**3 + 2*a**2 - 2*a + 1. What is z(1)?
7
Let y(t) = t**2 + 23*t + 36. Calculate y(-21).
-6
Let c(s) = -9*s - 31. What is c(-4)?
5
Let h(a) = 3*a**2 + 10*a + 13. Determine h(-2).
5
Let k(j) = 4*j - 10. Calculate k(6).
14
Let d(k) = k**3 + 12*k**2 + 34*k + 15. What is d(-8)?
-1
Let o(w) = -w**3 + 4*w**2 + 10*w - 30. Calculate o(3).
9
Let y(k) = k**2 + 16*k + 12. Give y(-16).
12
Let k(q) = 10*q - 4. Determine k(3).
26
Let q(d) = -d**2 - 5*d + 7. Determine q(-6).
1
Let j(q) = -5*q + 51. Calculate j(7).
16
Let j(d) = -3*d + 8. Calculate j(4).
-4
Let i(v) = v - 8. Calculate i(5).
-3
Let l(a) = 12*a**2 + 36*a + 5. Calculate l(-3).
5
Let p(s) = -3*s**2 - 13*s + 10. Give p(-8).
-78
Let z(f) = 6*f**2 + 2*f + 1. Calculate z(-1).
5
Let h(s) = -4*s**2 + 11*s - 6. What is h(3)?
-9
Let k(f) = f**2 + f - 4. Determine k(3).
8
Let i(k) = k + 1. What is i(3)?
4
Let j(k) = -k**2 - 7*k - 7. Calculate j(-6).
-1
Let k(c) = -17*c + 3. Determine k(2).
-31
Let u(m) = -m**3 + 37*m**2 + 2*m. Calculate u(0).
0
Let a(y) = y**3 + 7*y**2 + 5*y + 10. What is a(-7)?
-25
Let z(u) = -3*u**2 + 7*u. Give z(3).
-6
Let m(i) = -3*i + 25. What is m(-1)?
28
Let f(r) = 3*r - 44. Calculate f(13).
-5
Let m(w) = 5*w + 24. Calculate m(-6).
-6
Let m(w) = -w**3 + 5*w**2 + 9*w - 9. Give m(6).
9
Let q(n) = 31*n - 196. Give q(6).
-10
Let r(w) = -11*w**2 - w + 6. What is r(2)?
-40
Let y(c) = 2*c**2 - 6*c + 7. What is y(2)?
3
Let s(k) = -27*k**2 - 8*k + 8. What is s(1)?
-27
Let t(a) = a**3 + 6*a**2 + 9*a + 9. What is t(-5)?
-11
Let d(f) = -32*f**2 - f. Calculate d(-1).
-31
Let p(b) = -5*b - 8. Calculate p(6).
-38
Let r(x) = -x**3 - 4*x**2 + 8*x - 2. What is r(-5)?
-17
Let w(z) = z - 11. Calculate w(6).
-5
Let m(q) = -7*q - 38. What is m(-7)?
11
Let t(s) = s**3 - 8*s**2 + 9*s - 5. Give t(7).
9
Let o(l) = 7*l - 52. What is o(8)?
4
Let z(v) = v**3 + 5*v**2 + 6*v. Give z(-4).
-8
Let w(x) = -x**3 - 5*x**2 + 15*x - 8. Give w(-7).
-15
Let l(k) = 2*k**2 + 2*k + 2. What is l(-1)?
2
Let h(x) = x**2 + 4*x - 11. Determine h(-6).
1
Let x(u) = -u**2 - 4*u. Determine x(-6).
-12
Let y(k) = -4*k + 15. Determine y(7).
-13
Let h(y) = y**2 + 13*y + 2. Give h(-11).
-20
Let z(y) = 2*y + 1. Calculate z(-5).
-9
Let q(d) = -d**3 + 3*d**2 + 18*d. Determine q(6).
0
Let l(f) = f**2 - 3*f. Give l(-7).
70
Let s(b) = b**3 - 17*b**2 - 63*b + 52. Determine s(20).
-8
Let r(y) = -y**2 + 9*y - 18. What is r(7)?
-4
Let f(a) = -a**2 + 6*a + 9. Determine f(11).
-46
Let q(c) = c**3 - 15*c**2 - 14*c - 17. Give q(16).
15
Let d(u) = -4*u - 10. What is d(-5)?
10
Let h(t) = 3*t**2 - t - 13. What is h(3)?
11
Let q(t) = -t**3 + 2*t - 1. What is q(0)?
-1
Let t(k) = k**2 - 26*k - 65. Give t(28).
-9
Let j(u) = -u**3 + 13*u**2 + 14*u + 10. Determine j(14).
10
Let b(j) = -j**2 + 2*j - 7. Calculate b(3).
-10
Let f(d) = d**2 + d - 7. Calculate f(4).
13
Let c(b) = 5*b - 26. Calculate c(5).
-1
Let d(c) = c**2 + 3. Determine d(0).
3
Let r(o) = -o**3 - 12*o**2 - 26*o - 170. What is r(-11)?
-5
Let n(q) = -2*q**2 - 9*q - 15. Give n(-4).
-11
Let r(o) = 2*o + 5. Calculate r(-7).
-9
Let k(d) = -12*d + 6. Determine k(1).
-6
Let p(g) = -23*g**2 + g - 1. Give p(1).
-23
Let s(u) = u**2 + 16. What is s(0)?
16
Let c(s) = s**3 - 32*s**2 + 34*s - 86. Calculate c(31).
7
Let b(o) = -o**3 - 8*o**2 + 3*o - 16. Determine b(-9).
38
Let x(r) = -2*r + 2. Give x(-20).
42
Let n(x) = x**3 + 7*x**2 + 3*x - 8. Determine n(-6).
10
Let y(a) = 18*a**2 + 2*a + 1. Give y(-1).
17
Let r(n) = -11*n + 86. What is r(7)?
9
Let o(l) = l**3 + 7*l**2 + 11*l + 11. Give o(-5).
6
Let q(c) = -c**2 - 24*c - 108. Calculate q(-17).
11
Let t(n) = -n**2 